{"id":91,"date":"2026-02-18T13:33:03","date_gmt":"2026-02-18T13:33:03","guid":{"rendered":"https:\/\/alos-ariege.fr\/?page_id=91"},"modified":"2026-03-09T14:31:03","modified_gmt":"2026-03-09T14:31:03","slug":"association","status":"publish","type":"page","link":"https:\/\/alos-ariege.fr\/index.php\/association\/","title":{"rendered":"Association"},"content":{"rendered":"\n<blockquote class=\"wp-block-quote is-layout-flow wp-block-quote-is-layout-flow\">\n<p>Toutis Per Alos TPA<strong><br><\/strong><\/p>\n<\/blockquote>\n\n\n\n<p>L\u2019association Toutis Per Alos \u0153uvre pour la valorisation du patrimoine culturel, naturel et social de son territoire. Gr\u00e2ce \u00e0 l\u2019engagement de ses b\u00e9n\u00e9voles, elle m\u00e8ne diff\u00e9rentes actions pour pr\u00e9server l\u2019histoire locale, organiser des \u00e9v\u00e9nements et renforcer le lien entre les habitants. Pour d\u00e9couvrir leurs projets, leurs actualit\u00e9s et soutenir leurs initiatives, vous pouvez consulter le site officiel de l\u2019association en cliquant ici : <a href=\"https:\/\/toutisperalos.fr\/\">https:\/\/toutisperalos.fr\/<\/a><\/p>\n\n\n\n<hr class=\"wp-block-separator has-alpha-channel-opacity\"\/>\n\n\n\n<blockquote class=\"wp-block-quote is-layout-flow wp-block-quote-is-layout-flow\">\n<p>ACCA D&rsquo;ALOS<\/p>\n<\/blockquote>\n\n\n\n<p>L\u2019ACCA d\u2019Alos (Association Communale de Chasse Agr\u00e9\u00e9e) participe activement \u00e0 la gestion de la faune et \u00e0 la pr\u00e9servation de l\u2019\u00e9quilibre naturel sur le territoire de la commune. Elle rassemble des chasseurs passionn\u00e9s qui \u0153uvrent dans le respect de la nature, des traditions et de la r\u00e9glementation. L\u2019association contribue \u00e9galement \u00e0 la vie locale en organisant diff\u00e9rentes activit\u00e9s et moments de convivialit\u00e9. Pour en savoir plus sur l\u2019ACCA d\u2019Alos et ses actions.<\/p>\n\n\n\n<hr class=\"wp-block-separator has-alpha-channel-opacity\"\/>\n\n\n\n<blockquote class=\"wp-block-quote is-layout-flow wp-block-quote-is-layout-flow\">\n<p>COMITE DES FETES D&rsquo;ALOS FESTIV&rsquo;ALOS<\/p>\n<\/blockquote>\n\n\n\n<p>Le Comit\u00e9 des F\u00eates d\u2019Alos \u2013 Festiv\u2019Alos est une association dynamique qui anime la vie du village tout au long de l\u2019ann\u00e9e. Gr\u00e2ce \u00e0 l\u2019implication de ses b\u00e9n\u00e9voles, il organise de nombreux \u00e9v\u00e9nements festifs, culturels et conviviaux qui rassemblent habitants et visiteurs. Ces manifestations contribuent \u00e0 faire vivre les traditions locales et \u00e0 renforcer les liens entre les g\u00e9n\u00e9rations.<\/p>\n\n\n\n<p><\/p>\n","protected":false},"excerpt":{"rendered":"<p>Toutis Per Alos TPA L\u2019association Toutis Per Alos \u0153uvre pour la valorisation du patrimoine culturel, naturel et social de son territoire. Gr\u00e2ce \u00e0 l\u2019engagement de ses b\u00e9n\u00e9voles, elle m\u00e8ne diff\u00e9rentes&#8230;<\/p>\n","protected":false},"author":1,"featured_media":0,"parent":0,"menu_order":0,"comment_status":"closed","ping_status":"closed","template":"","meta":{"footnotes":""},"class_list":["post-91","page","type-page","status-publish","hentry"],"_links":{"self":[{"href":"https:\/\/alos-ariege.fr\/index.php\/wp-json\/wp\/v2\/pages\/91","targetHints":{"allow":["GET"]}}],"collection":[{"href":"https:\/\/alos-ariege.fr\/index.php\/wp-json\/wp\/v2\/pages"}],"about":[{"href":"https:\/\/alos-ariege.fr\/index.php\/wp-json\/wp\/v2\/types\/page"}],"author":[{"embeddable":true,"href":"https:\/\/alos-ariege.fr\/index.php\/wp-json\/wp\/v2\/users\/1"}],"replies":[{"embeddable":true,"href":"https:\/\/alos-ariege.fr\/index.php\/wp-json\/wp\/v2\/comments?post=91"}],"version-history":[{"count":5,"href":"https:\/\/alos-ariege.fr\/index.php\/wp-json\/wp\/v2\/pages\/91\/revisions"}],"predecessor-version":[{"id":142,"href":"https:\/\/alos-ariege.fr\/index.php\/wp-json\/wp\/v2\/pages\/91\/revisions\/142"}],"wp:attachment":[{"href":"https:\/\/alos-ariege.fr\/index.php\/wp-json\/wp\/v2\/media?parent=91"}],"curies":[{"name":"wp","href":"https:\/\/api.w.org\/{rel}","templated":true}]}}