{"id":102,"date":"2026-02-19T08:43:35","date_gmt":"2026-02-19T08:43:35","guid":{"rendered":"https:\/\/alos-ariege.fr\/?page_id=102"},"modified":"2026-03-14T13:14:12","modified_gmt":"2026-03-14T13:14:12","slug":"location-salle-des-fetes","status":"publish","type":"page","link":"https:\/\/alos-ariege.fr\/index.php\/location-salle-des-fetes\/","title":{"rendered":"Location salle des f\u00eates"},"content":{"rendered":"\n<p>La salle des f\u00eates de Alos est disponible \u00e0 la location pour l\u2019organisation de vos \u00e9v\u00e9nements priv\u00e9s, r\u00e9unions ou f\u00eates familiales dans un cadre convivial au c\u0153ur du village.<\/p>\n\n\n\n<p><strong>Tarifs pour les habitants de la commune :<\/strong><\/p>\n\n\n\n<ul class=\"wp-block-list\">\n<li>150 \u20ac pour un week-end en \u00e9t\u00e9 (hors chauffage)<\/li>\n\n\n\n<li>200 \u20ac pour un week-end en hiver (avec chauffage)<\/li>\n<\/ul>\n\n\n\n<p><strong>Tarifs pour les personnes ext\u00e9rieures \u00e0 la commune :<\/strong><\/p>\n\n\n\n<ul class=\"wp-block-list\">\n<li>200 \u20ac pour un week-end en \u00e9t\u00e9 (hors chauffage)<\/li>\n\n\n\n<li>250 \u20ac pour un week-end en hiver (avec chauffage)<\/li>\n<\/ul>\n\n\n\n<p><strong>Caution :<\/strong><\/p>\n\n\n\n<ul class=\"wp-block-list\">\n<li>Un ch\u00e8que de caution de 500 \u20ac est demand\u00e9 pour chaque location.<\/li>\n<\/ul>\n\n\n\n<p><strong>Associations :<\/strong><\/p>\n\n\n\n<ul class=\"wp-block-list\">\n<li>La salle est mise gratuitement \u00e0 disposition des associations.<\/li>\n<\/ul>\n\n\n\n<div class=\"wp-block-pdf-viewer-block-standard\" style=\"text-align:left\"><div class=\"uploaded-pdf\"><a href=\"https:\/\/alos-ariege.fr\/wp-content\/uploads\/2026\/03\/Deliberation-tarif-location-salle-communale.pdf\" data-width=\"\" data-height=\"\"><\/a><\/div><\/div>\n","protected":false},"excerpt":{"rendered":"<p>La salle des f\u00eates de Alos est disponible \u00e0 la location pour l\u2019organisation de vos \u00e9v\u00e9nements priv\u00e9s, r\u00e9unions ou f\u00eates familiales dans un cadre convivial au c\u0153ur du village. Tarifs&#8230;<\/p>\n","protected":false},"author":1,"featured_media":0,"parent":0,"menu_order":0,"comment_status":"closed","ping_status":"closed","template":"","meta":{"footnotes":""},"class_list":["post-102","page","type-page","status-publish","hentry"],"_links":{"self":[{"href":"https:\/\/alos-ariege.fr\/index.php\/wp-json\/wp\/v2\/pages\/102","targetHints":{"allow":["GET"]}}],"collection":[{"href":"https:\/\/alos-ariege.fr\/index.php\/wp-json\/wp\/v2\/pages"}],"about":[{"href":"https:\/\/alos-ariege.fr\/index.php\/wp-json\/wp\/v2\/types\/page"}],"author":[{"embeddable":true,"href":"https:\/\/alos-ariege.fr\/index.php\/wp-json\/wp\/v2\/users\/1"}],"replies":[{"embeddable":true,"href":"https:\/\/alos-ariege.fr\/index.php\/wp-json\/wp\/v2\/comments?post=102"}],"version-history":[{"count":4,"href":"https:\/\/alos-ariege.fr\/index.php\/wp-json\/wp\/v2\/pages\/102\/revisions"}],"predecessor-version":[{"id":155,"href":"https:\/\/alos-ariege.fr\/index.php\/wp-json\/wp\/v2\/pages\/102\/revisions\/155"}],"wp:attachment":[{"href":"https:\/\/alos-ariege.fr\/index.php\/wp-json\/wp\/v2\/media?parent=102"}],"curies":[{"name":"wp","href":"https:\/\/api.w.org\/{rel}","templated":true}]}}